364023
In base 16, what is -69fe58 + 5?
-69fe53
In base 12, what is -892 + 62252?
61580
In base 7, what is -2 + 531066645?
531066643
In base 15, what is -2 - -2004c45?
2004c43
In base 14, what is 41 + 64202?
64243
In base 12, what is 1116 + 1796?
28b0
In base 7, what is 241 - -2554122?
2554363
In base 4, what is -1210030 + 132201?
-1011223
In base 7, what is 15265262 + -21?
15265241
In base 6, what is -3523352204 - -2?
-3523352202
In base 3, what is -12121221101100100 - 2?
-12121221101100102
In base 12, what is -4 + -46ab472?
-46ab476
In base 15, what is 4 - -270564?
270568
In base 7, what is 22063 + -25201?
-3105
In base 2, what is -1010001010101001000110101 + 0?
-1010001010101001000110101
In base 8, what is 273615266 + -4?
273615262
In base 14, what is 362 - -73377?
736d9
In base 4, what is -2110332121222 + -1?
-2110332121223
In base 10, what is -6062588 + 7?
-6062581
In base 12, what is 66 - 1b174?
-1b10a
In base 2, what is -111101110100001111111 + 10101?
-111101110100001101010
In base 3, what is 2120100010101 + -1220?
2120100001111
In base 6, what is -505 - 1443144?
-1444053
In base 2, what is -10 - 1010010011111111110011100001?
-1010010011111111110011100011
In base 5, what is -1123002 - -442?
-1122010
In base 2, what is -1 + 100111100011001001111?
100111100011001001110
In base 16, what is 178972 + 53?
1789c5
In base 2, what is 100001101011110000001 - 10101?
100001101011101101100
In base 4, what is 22 + 1100001032322?
1100001033010
In base 3, what is 21 + 201022022122101?
201022022122122
In base 9, what is 34040 - 2524?
31415
In base 15, what is -4 - -664e42c?
664e428
In base 6, what is 502434022 + 1?
502434023
In base 9, what is -2 + -2383566?
-2383568
In base 5, what is 2 - -2433444023?
2433444030
In base 13, what is -c - 8c9a2?
-8c9b1
In base 15, what is 0 - 68e2c0?
-68e2c0
In base 6, what is -3113120535 - 3?
-3113120542
In base 16, what is 3f578e9 - 5?
3f578e4
In base 12, what is 119 + -1a2ab?
-1a192
In base 13, what is a - 133c3a?
-133c30
In base 2, what is 11 - -10110000100101101110111001?
10110000100101101110111100
In base 14, what is 849 + -4aa?
37d
In base 11, what is -4 - -1143395?
1143391
In base 2, what is -10 - -101101010101110110100010?
101101010101110110100000
In base 2, what is 100001101 + -10110010010101110?
-10110001110100001
In base 6, what is -10 + 4510320?
4510310
In base 15, what is -2d6c - 8766?
-b5d3
In base 9, what is 15 + 711215?
711231
In base 5, what is -4122212231 - 140?
-4122212421
In base 2, what is -101011 + -110001011111100?
-110001100100111
In base 12, what is -504a088 + 1?
-504a087
In base 5, what is -1 - 2403113403?
-2403113404
In base 14, what is 32819 - -122?
3293b
In base 13, what is 1 + -14444a2?
-14444a1
In base 11, what is 574666 - -18?
574683
In base 13, what is 1cb27ba + -24?
1cb2796
In base 12, what is 23a + -986b?
-9631
In base 13, what is -69a7b - -186?
-698c5
In base 12, what is -12b0a99 - 5?
-12b0aa2
In base 15, what is -6 + 2b32c?
2b326
In base 11, what is 4 + 2894518?
2894521
In base 12, what is 86a - -43936?
445a4
In base 3, what is 1211112010100112 - 1?
1211112010100111
In base 12, what is -10491683 + -4?
-10491687
In base 15, what is 3 + -5beac20?
-5beac1c
In base 15, what is 6 - b1426?
-b1420
In base 16, what is -4ce0b + -7?
-4ce12
In base 11, what is 17 - -1350a72?
1350a89
In base 16, what is -249946 + -b?
-249951
In base 12, what is 6813 + -192?
6641
In base 8, what is 1077515 - 211?
1077304
In base 15, what is -e - 1523ee?
-15240d
In base 7, what is 100351 + 22626?
123310
In base 15, what is 0 + 11700b8?
11700b8
In base 12, what is -7 + 2955578?
2955571
In base 4, what is -10123133 - 101201?
-10231000
In base 5, what is 13032022 - -4013?
13041040
In base 2, what is 10001 + -1001110110000001101?
-1001110101111111100
In base 10, what is 343015 - -1385?
344400
In base 16, what is -6 - 168973?
-168979
In base 16, what is -638d6 + -4cb?
-63da1
In base 11, what is 11 - -57656?
57667
In base 16, what is 1b1694 - 4?
1b1690
In base 12, what is -17a831 - 148?
-17a979
In base 2, what is 1000 + 11001000001001001110?
11001000001001010110
In base 3, what is 12211112 + -20012212?
-101100
In base 10, what is 15933145 + 3?
15933148
In base 15, what is -2e98 + 8eb8?
6020
In base 2, what is -1000111 - -1111010011011110010111?
1111010011011101010000
In base 16, what is 2ec503 - -16?
2ec519
In base 13, what is -cc - -25779?
2567a
In base 4, what is -10212 + 310331023?
310320211
In base 9, what is 653877 - -558?
654546
In base 16, what is e7ce - -384?
eb52
In base 8, what is 40 - -17305023?
17305063
In base 5, what is 213443114240 + 2?
213443114242
In base 7, what is 15510415 + 134?
15510552
In base 8, what is 71 + -4673434?
-4673343
In base 2, what is 10010000101110110001001110 - 1?
10010000101110110001001101
In base 3, what is 11022112000121212 - -12?
11022112000122001
In base 16, what is -10a91d - -8d?
-10a890
In base 14, what is cc35a + -15?
cc345
In base 12, what is 10554932 - 2?
10554930
In base 5, what is 3301443 + -10312?
3241131
In base 7, what is 50343305046 + -1?
50343305045
In base 7, what is 2555251 + -225?
2555023
In base 16, what is 25080 + 16?
25096
In base 11, what is 6 + -781a18?
-781a12
In base 14, what is -82 - -151c8?
15146
In base 2, what is -100110 - 1010110111000110001?
-1010110111001010111
In base 15, what is 3b17e61 + 0?
3b17e61
In base 5, what is 10 - -3023133?
3023143
In base 2, what is -11000000110011100 - 1101000?
-11000001000000100
In base 4, what is 30113122 + 11121?
30130303
In base 4, what is -10 + -30030302131320?
-30030302131330
In base 10, what is 26760 - 14946?
11814
In base 7, what is -1325416263 - 32?
-1325416325
In base 15, what is 6 - 8e626c4?
-8e626bd
In base 6, what is 353 - 11412024?
-11411231
In base 7, what is 5150550 - -12?
5150562
In base 4, what is 3 + 3332012100?
3332012103
In base 3, what is -1102110 - -102010201?
100201021
In base 5, what is -131102332 - 11?
-131102343
In base 14, what is 27888 - 38?
27850
In base 12, what is 18830b - -12b7?
189606
In base 5, what is 124411314412 - -1?
124411314413
In base 2, what is -1 + 100111001000010110011101?
100111001000010110011100
In base 8, what is -11 + 15337160?
15337147
In base 11, what is -26375811 + -5?
-26375816
In base 5, what is 2112 + 120343?
123010
In base 15, what is -dbdd23 - 1?
-dbdd24
In base 13, what is 5a + -1cc818?
-1cc78b
In base 2, what is 10111010101001 + -1000110111100110?
-101111100111101
In base 16, what is b25 + 3786d?
38392
In base 4, what is 20023100 - -1121?
20030221
In base 13, what is 4b8785 - 1?
4b8784
In base 15, what is 269b + 9ab2?
c25d
In base 11, what is 2 + -6526198?
-6526196
In base 7, what is -111043 + -2125?
-113201
In base 16, what is 2ce5 + -25986?
-22ca1
In base 9, what is 6757 + -261?
6486
In base 11, what is 1 - -16a4037?
16a4038
In base 12, what is 2078712 - -3?
2078715
In base 14, what is aac43d6a + 3?
aac43d6d
In base 13, what is -127c + -39337?
-3a5b6
In base 13, what is -45839 + -17?
-45853
In base 10, what is 1018157 + -151?
1018006
In base 15, what is 4 + 4e41873?
4e41877
In base 2, what is 101000101 - -101100110011001100?
101100111000010001
In base 16, what is 170b - 38?
16d3
In base 3, what is 0 - -12201102220001?
12201102220001
In base 2, what is -11100 - -110101111?
110010011
In base 10, what is -1271587 - -173?
-1271414
In base 8, what is -1531 + -12434?
-14165
In base 16, what is -9134 + 434?
-8d00
In base 6, what is -3 - 33200013?
-33200020
In base 15, what is -167a5 - -20?
-16785
In base 7, what is 5655 - -10155?
16143
In base 5, what is 142 - -24014040300?
24014040442
In base 16, what is 1 + 6de0c?
6de0d
In base 12, what is b6a753 + -5?
b6a74a
In base 3, what is 112222122001212 - -100?
112222122002012
In base 8, what is -11025 - 64247?
-75274
In base 10, what is 3512452 - 4?
3512448
In base 13, what is -8bb2093 - -2?
-8bb2091
In base 2, what is -111110000000000 + 11010100001?
-111010101011111
In base 9, what is 182443513 + 4?
182443517
In base 15, what is 11538 - 9bc?
10a6b
In base 7, what is -20 - 4501320?
-4501340
In base 11, what is 1609353 + 12?
1609365
In base 9, what is -27 + 4862732?
4862704
In base 9, what is -45 - -26785405?
26785350
In base 7, what is -1046 + -1104?
-2153
In base 10, what is -15 - 186693?
-186708
In base 13, what is -b7